 l = -44. What is the greatest common factor of l and 44?
11
Let a = -25 - -25. Suppose f + 1 - 9 = a. What is the greatest common factor of 4 and f?
4
Let q be (6/(-15))/(1/(-25)). Calculate the highest common divisor of 15 and q.
5
Suppose 0 = 2*h - 111 + 35. Calculate the greatest common divisor of h and 19.
19
Let q = 120 - 70. Calculate the greatest common divisor of q and 20.
10
Suppose 12 = 2*t + t. Let y(m) = -m + 3. Let q be y(t). Let b be (-66)/((-3 + 5)*q). Calculate the greatest common divisor of 11 and b.
11
Let d be (140/(-15))/(4/(-6)). Suppose 0*k - 96 = -4*k. Let u = k - d. Calculate the highest common factor of u and 110.
10
Let i = -151 + 367. What is the highest common divisor of i and 27?
27
Let k be -3 + 4 - (-4)/(-1). Let p be ((-6)/(-4))/k*0. Suppose 2*i = -p*w - 2*w + 6, i + 2*w - 5 = 0. Calculate the highest common divisor of i and 1.
1
Let n be 9/(80/150 + (-1)/3). Calculate the highest common divisor of 135 and n.
45
Let k be 152/12 - (-2)/6. Calculate the greatest common factor of 65 and k.
13
Let i(o) be the first derivative of o**4/4 + 10*o**3/3 + 5*o**2 + 2. Let p be i(-8). What is the greatest common divisor of 32 and p?
16
Suppose 3*r - 30 = 2*p + 145, 230 = 4*r - 2*p. Let y be 1/((-2)/(1 - 23)). What is the highest common divisor of y and r?
11
Let y be 415 + 0 + -4 + 6. Let z = 626 - y. What is the greatest common factor of 19 and z?
19
Let d(y) = 3*y**2 + 7*y + 2. Let g = -1 - -6. Let l be d(g). What is the greatest common factor of 16 and l?
16
Let g = 4 - 2. Suppose -5*l + g*l = -48. Calculate the highest common factor of 24 and l.
8
Let w = -53 - -101. Let q be 65/10 - (-1)/2. Let k be (q - -1)*(-9)/(-6). What is the greatest common factor of k and w?
12
Let b(i) = 12*i - 2. Let p = -1 + 3. Let v be b(p). Calculate the highest common factor of 154 and v.
22
Let v(f) = f**2 - 14*f + 2. Let a be v(14). What is the highest common divisor of 10 and a?
2
Let n(p) = 8*p. Let r be n(-1). Let v = r - -24. Suppose -d = 4*d - 240. What is the greatest common divisor of v and d?
16
Suppose -5*z + 3*t + 30 = -47, -2*t - 47 = -3*z. Calculate the greatest common factor of 26 and z.
13
Suppose -4*d + 3*d + 16 = 0. Suppose -3*w = -46 + d. Calculate the greatest common divisor of w and 20.
10
Let w(n) = 5*n**3 + 4*n**2 - 5*n + 4. Let f be w(2). Calculate the greatest common factor of 25 and f.
25
Let d be ((-8)/3)/(12/(-18)). Calculate the highest common factor of d and 1.
1
Suppose -4*k + 49 = y, -3*k = 4*y - 43 - 140. Let p be (-140)/(-8) - (-1)/(-2). Let z = -8 + p. Calculate the greatest common divisor of z and y.
9
Let v(k) = 3*k**2 - k + 2 - 2*k**2 + 0*k**2. Let j(s) = -s**2 - 4*s - 1. Let c be j(-2). Let t be v(c). Calculate the greatest common factor of 8 and t.
8
Let j be (-5)/30 + (-2216)/(-48). What is the highest common factor of 230 and j?
46
Let i be (-123)/6 + 1/(-2). Let n be -3 - (i + 0) - 2. What is the highest common divisor of n and 48?
16
Suppose 0 = 5*v - 83 - 187. Suppose 3*d = 5*d - v. Suppose 0*s + 36 = 4*s. Calculate the highest common divisor of d and s.
9
Let q = -5 + 8. Let p(f) = 3*f**3 - 3*f**2 - 4*f + 2. Let c be p(q). Calculate the greatest common divisor of c and 11.
11
Suppose -5*q = -3*j - 2*j, 3*j - 9 = 0. Suppose 4*r + 106 = 3*x, -q*x - 2*r - 2*r + 146 = 0. What is the highest common factor of 6 and x?
6
Suppose 3*i - 6*i = 5*f - 34, -2*f = -5*i + 5. Suppose 4*q = -4*s + 5*q + 44, -f*s - q = -64. Calculate the highest common factor of s and 3.
3
Let a = 27 - 16. Let d(c) be the first derivative of 2*c**3/3 - 13*c**2/2 - c - 2. Let t be d(9). What is the highest common divisor of a and t?
11
Let j = 1 + -1. Let a = j - 0. Let m(i) = -i + 21. Let l be m(a). What is the highest common factor of 3 and l?
3
Suppose 29 - 5 = 6*d. Calculate the greatest common factor of d and 20.
4
Suppose 40 = -2*p + 6*p. Let l be 66/p + 8/20. Let o be ((-1 - -3)/2)/1. What is the highest common divisor of l and o?
1
Suppose 5*c = 2*c + 2*y + 398, 3*c - 4*y - 388 = 0. What is the highest common factor of c and 17?
17
Let b(n) = -6*n - 3. Let c be b(-1). What is the highest common divisor of c and 27?
3
Suppose -3*n - u - 1 = -3*u, -2*n = 3*u - 8. Let q be ((-10)/(-4))/((-1)/(-2)). What is the highest common factor of n and q?
1
Let r(t) = t**3 + 10*t**2 + 3*t. Let l be r(-9). Suppose 4 - l = -5*v. Let q(i) = i + 2. Let m be q(0). Calculate the highest common factor of v and m.
2
Suppose 3*p + 5*j - 181 - 89 = 0, 2*j = -5*p + 450. Let c = p - 62. Let u be 1/6 + (-451)/(-66). Calculate the highest common divisor of c and u.
7
Let s be ((-36)/(-2))/(6/735). Let g be s/20 - (-1)/(-4). Calculate the greatest common divisor of 10 and g.
10
Suppose -2*q + 3*q = 3*v + 10, 2*q = 5*v + 17. What is the greatest common divisor of q and 4?
1
Let r be (0/(-2))/(0 - -1). Suppose r = -5*j + j + 28. Calculate the greatest common factor of j and 7.
7
Suppose 0 = -4*n + 4*m + 212, 3*n - 114 - 57 = -3*m. Let w be n*(-1 + (2 - -1)). What is the highest common factor of 22 and w?
22
Suppose -3*j = -0*j - 30. Suppose 3*v = 6, 2*r + v - j = -0*r. What is the greatest common divisor of 36 and r?
4
Let d be 0/(-3) + (-1 - -59). Suppose s - 3*s = d. Let v = 42 + s. What is the greatest common divisor of v and 26?
13
Suppose 0 = 5*a + 15, -4*g + 2*a = -130 - 76. Calculate the greatest common factor of 20 and g.
10
Let p = 64 - -23. Let y be (-1)/2 + p/6. What is the highest common factor of y and 70?
14
Suppose x - 84 = -3*u + 6, -4*u = -5*x + 507. What is the greatest common divisor of 33 and x?
33
Let n(w) = w**3 + 9*w**2 - 2*w - 3. Let t be n(-9). Suppose -5*a + 5 = 4*r, a - 8 = r + 2. Calculate the greatest common factor of t and a.
5
Suppose 0 = d + d - 78. Let o(a) = -7*a - 2. Let n be o(-4). Calculate the highest common divisor of d and n.
13
Suppose 0 = -2*q - 1 + 9. Suppose q*r = -b + 15, 1 - 6 = 4*r + 5*b. Suppose 0 = 5*s + 10, -4*x - 2*s = -0*x - 76. What is the highest common factor of r and x?
5
Suppose 5*q + 5*b = 590, -2*q - b + 5*b = -248. Suppose 30 = -3*w + w. Let r = 0 - w. What is the highest common factor of q and r?
15
Suppose 2*k = p - 9, 3*k = -4*p + k + 56. Let y = 31 - p. Calculate the highest common divisor of y and 6.
6
Let q = -7 - -46. Suppose n + q = 5*v, 2*n + 2*n - 20 = -2*v. What is the highest common divisor of 1 and v?
1
Let u = 7 + -15. Let a(t) = -t - 6. Let z be a(u). Calculate the highest common factor of z and 1.
1
Suppose 405 = -z + 4*z. Suppose -8*l + z = -5*l. What is the greatest common divisor of 5 and l?
5
Let d(o) = o**2 + 2*o. Let j be d(-3). Suppose -2*c = -5 - j. Suppose 2*w - 4*v = -3*w, 0 = -w + c*v - 16. Calculate the highest common factor of w and 36.
4
Let y be 208/(-78)*126/(-4). Calculate the highest common factor of y and 42.
42
Suppose -3*l + 322 = 11*l. What is the greatest common factor of 207 and l?
23
Let b = 31 + -21. Let t = -4 + b. Suppose 0 = -4*h - 0*h + 12. Calculate the highest common divisor of h and t.
3
Let w be (-10)/(-8) - 952/(-32). Calculate the greatest common divisor of w and 62.
31
Suppose -19*q + 5 = -14. Let o = 13 + -8. What is the greatest common divisor of o and q?
1
Let y be 594/4 + 2/4. Suppose 91 = -d + 3*d - j, 3*d = -j + y. Let c(n) = n - 2. Let l be c(8). Calculate the highest common divisor of l and d.
6
Let j(a) = 3*a + 13. Let g = 26 + -17. Let c be j(g). Calculate the highest common factor of 5 and c.
5
Let r(o) = 3*o - 5 - 1 + o**3 + 5*o**2 - 11*o. Let a be r(-6). Suppose 2*j - 3*s = 4*j - a, 5*j = 2*s + 34. Calculate the greatest common divisor of 15 and j.
3
Let n(r) = -36*r. Let f be n(-2). What is the highest common divisor of f and 9?
9
Let f(n) = n**2 - 5*n - 14. Let h be f(-7). Calculate the greatest common divisor of 105 and h.
35
Let w be 3*14 - (-3 + 0). Suppose -u + 6*u = w. Let v = 27 - u. What is the highest common factor of v and 72?
18
Let x = -24 - -40. Calculate the greatest common factor of x and 32.
16
Let k be (-2 - (-4 + -3)) + -3. Suppose 0 = 4*z - k*z - 238. Calculate the greatest common divisor of 17 and z.
17
Let c(i) = -i**3 - 6*i**2 + 4*i + 5. Let q be c(-5). Let v = 24 - q. Calculate the greatest common factor of v and 8.
8
Let n(y) = -y**3 - 6*y**2 - 6*y + 8. Let a be n(-7). What is the greatest common fa